 of g(d)?
3
Let v = -37 - 15. Let t = -150 + 262. Let i = t + v. What is the units digit of i?
0
Let z = 75 - 54. Suppose 3*k - z = -5*f, -2*f - 5*k = -6*f + 39. What is the units digit of f?
6
Suppose 4*o - 5*f = 44, 4*o + f - 33 = 11. Let m = -8 + o. Suppose 4*s - m = -4*x + 29, -x - 27 = -4*s. What is the units digit of s?
7
Let h(g) = -g**3 + 16*g**2 + 16*g + 14. What is the units digit of h(15)?
9
Let k be (-8)/(-16) - (-2 - (-15)/(-2)). What is the units digit of (1 - 100/(-3))*(k - 7)?
3
Suppose 3*p = -6*v + 5*v + 1603, 4*v + p = 6467. What is the hundreds digit of v?
6
Let w(m) = 23*m**3 + 4*m**2 + 12*m - 46. What is the units digit of w(3)?
7
What is the units digit of 0/2 + 0 - (-112636)/116?
1
Let k be (-6)/(-2) - (1 - (0 + 3)). Suppose k*f + 8*l = 4*l + 174, -2*f - l + 69 = 0. What is the tens digit of f?
3
Let x = 9 + -5. Suppose o = 4*c - 4*o - 61, -3*c + 7 = x*o. What is the units digit of (-12)/c*9/(-2)?
6
Suppose 0 = -2*s - 69 - 111. Let p = 186 + s. What is the units digit of p?
6
Suppose -j = -6*j + 25. Suppose 4*l - 6*x = -x - 22, -5*l = j*x + 5. What is the units digit of 1/(3/(-45)*l)?
5
What is the thousands digit of ((-24)/18*293)/(1/(-3))?
1
Suppose -20*s - 15*s + 33810 = 0. What is the hundreds digit of s?
9
Suppose 5*d = -i + 17, 5*i - 2*d = -7*d + 25. Suppose -s + 195 = 3*q, -i*s + 438 = q + 23. What is the hundreds digit of s?
2
Let u(y) = 609*y - 3. What is the hundreds digit of u(4)?
4
What is the thousands digit of (8045/10 + 5)/((-10)/(-20))?
1
Suppose -g + 0*g + 2*s + 2370 = 0, -5*s = -15. What is the hundreds digit of g?
3
Suppose -2*h + 234 = -8*h. Let k = h - -65. What is the units digit of k?
6
Let k(w) be the second derivative of -5*w**3/6 - 10*w. Let x be k(-2). What is the units digit of 240/72*12/x?
4
Let a(f) = f**3 + 20*f**2 + 25*f - 17. What is the hundreds digit of a(-15)?
7
Let b be (12/8)/(3/(-9))*-10. Let l = 26 + b. What is the tens digit of l?
7
Let q(f) = 6*f**2 + 7*f + 16. What is the units digit of q(-8)?
4
Let u(p) = 324*p**3 + 12*p - 17. What is the thousands digit of u(2)?
2
Suppose 0 = 3*c + 2*a - 7311, -46*c + 5*a = -44*c - 4855. What is the thousands digit of c?
2
Let k(r) = -r. Let y be k(-4). Suppose -13 = -y*s + 15. Let z = s + -4. What is the units digit of z?
3
Suppose -5008 = -25*f + 317. What is the hundreds digit of f?
2
Suppose -68*h = 2*h - 65940. What is the units digit of h?
2
Suppose -a = -20 - 24. Let t = a - 29. Let l = t + -6. What is the units digit of l?
9
Let h = 6965 - 4429. What is the thousands digit of h?
2
Let z be 6/(-45) - (-1388)/60. Suppose -z*j - 96 = -24*j. What is the tens digit of j?
9
Let g = 142 + -95. Suppose g = o - 28. What is the units digit of o?
5
Let f = -730 + 379. Let b be (f/6)/((-3)/4). Suppose 0*z = -z + b. What is the tens digit of z?
7
Let o = 44 + -55. Let i(v) = -10*v - 25. What is the units digit of i(o)?
5
Suppose -10*d + 6*d + 12 = 0. Suppose -5*c + 18 = d. Suppose -17 - c = -n. What is the tens digit of n?
2
Let b be 1/(-3)*0/(-2). Let j(o) = -o**3 + 46. What is the units digit of j(b)?
6
Suppose -2*a = 5*y - 24, -2*a = -4*y + 2*a + 36. Suppose 0 = -y*d + 5*d + 72. What is the tens digit of d?
7
What is the hundreds digit of 1*514 + (36 - 33)?
5
Let f be -2 + (0 + -2)*-1. Suppose f = -10*l + 6*l + 8. Suppose -i + l = -16. What is the tens digit of i?
1
Let f(y) = -24*y**3 - 6*y**2 - 7*y. Let r(i) = -47*i**3 - 13*i**2 - 15*i. Let p(a) = -13*f(a) + 6*r(a). What is the tens digit of p(1)?
3
Let b = 1379 - 550. What is the hundreds digit of b?
8
Let d(g) = 15*g**3 - 5*g**2 - 15*g + 33. What is the thousands digit of d(6)?
3
Let j = -23 - -67. Suppose -j = -h - h. What is the units digit of (4 + -2)/(2/h)?
2
Let k be (-4)/26 - (-1878)/39. Suppose 7*d - 11*d = -k. What is the units digit of d?
2
Let l(u) = 5*u**2 - u - 4. Let m be l(4). Suppose -m = -r - 3*r. What is the units digit of r?
8
Let k(w) = -w**3 + 16*w**2 - 13*w - 6. Suppose 121 = 7*s + 16. Let p be k(s). What is the units digit of p/4*8 - 2?
6
Let n(v) = 7*v**2 + 14*v + 27. What is the hundreds digit of n(10)?
8
Suppose -21*t + 8 = -29*t. What is the tens digit of (-332)/(-10) - (t + -2)/(-15)?
3
Suppose -6*s = -3*s - 24. Suppose -o + s = -32. What is the tens digit of o?
4
Let d = -125 + 136. Suppose -12 = -4*i, -i - 11 = -4*o - 2. Suppose t - 13 = 3*w, o*t + w - 80 = -d. What is the units digit of t?
2
Suppose 0*q + 4 = 2*q. Suppose -j = -4*f + 17, 5*j + 16 = -f - 6. Suppose m - 39 = f*d, -128 = -q*m + 2*d - 6*d. What is the tens digit of m?
5
What is the hundreds digit of (-1375695)/(-798) + 2/28?
7
Let m be -3 - (3 - 8) - -1. Suppose -m*x = -x. Suppose 5*i - 6*i + 5 = -4*c, x = -4*i - c + 3. What is the units digit of i?
1
Suppose 4*g = 5*g - 89. Let o = -44 + g. What is the tens digit of o?
4
Let y(d) = -d**3 - 23*d**2 + 52. What is the hundreds digit of y(-24)?
6
Suppose -9572 - 844 = -12*z. What is the tens digit of z?
6
Suppose 6*h = 10*h - 28. Let c = 44 - h. Let a = 56 - c. What is the units digit of a?
9
Suppose -2*p - 2*p = 4. Let b be ((-1 + 3)*-3)/p. Suppose -2*s + 6*n = 2*n - b, 2*n = 8. What is the units digit of s?
1
Let w(v) = 37*v**3 + 1 - 35*v**3 - 2*v + v**2 - 2. Let l be w(3). Let i = l + -19. What is the tens digit of i?
3
Suppose -7*n + 5*n = -10. What is the tens digit of (1 + n)*8 - -4?
5
What is the tens digit of (-26)/(-65) - (-5316)/10?
3
Let i be (1 + 3)/(-2 + 4). Let z(l) = -l**2 + 2*l. Let f be z(i). Suppose -y = -4*o + 105, 45 = -f*o + 2*o + y. What is the tens digit of o?
2
Suppose -5 = -2*p + 5*p + 4*d, 0 = -p - 3*d - 10. Suppose 2 = 6*n - p*n. Suppose -5*l + 23 = -b, -n*b + 0*l - 2*l = -14. What is the units digit of b?
2
Suppose q = -4*m + 25, -2*m + 6 = 2*q - 2. Suppose 3*r - 5*t - 254 = 0, 23 = -4*t + m. What is the tens digit of r?
7
Suppose 5*x - x - l - 1516 = 0, -5*l = 4*x - 1492. Suppose -x = -6*g - g. What is the tens digit of g?
5
What is the thousands digit of 5 + (1033 - (-36)/(-6))?
1
Suppose 2*x = -1 - 1, 2*x + 12 = -5*r. Let u(k) = 6*k**2 + 2 + 5*k**2 + 2*k - 9*k**2. What is the units digit of u(r)?
6
Suppose 7 - 1 = 2*l. Suppose -5*k + l*k = -134. What is the tens digit of k?
6
Suppose -3*q - 1 = -7. Let u(w) = 7*w + 1. Let a be u(q). What is the tens digit of 3 + a*(2 + -1)?
1
Let w(s) = -s**2 + 5*s + 1. Let m be -6*((-6)/9 + 0). Let l be w(m). Suppose 9*c - l*c - 4 = 0. What is the units digit of c?
1
Suppose -3*j - 409 = -2854. What is the units digit of j?
5
Let m(j) = -2*j + 5. Let y be m(3). Let f(r) = 20*r**2 - r. What is the units digit of f(y)?
1
Suppose -14*s + 13*s = -485. What is the units digit of s?
5
What is the hundreds digit of (-802)/8*180/(-45)?
4
Let h = -11 + 11. Suppose -t + 15 = -2*j, 3*t + h*j - 33 = 2*j. What is the units digit of t?
9
Let q(k) = -k**3 - 6*k**2 + 8*k + 7. Let m be q(-7). Suppose 143 + 37 = 4*u. Suppose u = 5*b - m*b. What is the units digit of b?
9
Let k = -12 + 13. Suppose -7 = -4*c + k. What is the tens digit of 104/c*(-24)/(-32)?
3
Let a(s) = -s**2 - 7*s. Let i be a(-7). Suppose i = -5*m + 3*m - 28. Let t = m - -43. What is the units digit of t?
9
Let a = -110 + 1023. What is the tens digit of a?
1
Suppose z - 9*z + 16 = 0. Let g(o) = -3*o - 6. Let m be g(-6). Let t = m - z. What is the units digit of t?
0
Let a(l) = -l + 7. Let n be a(-3). Let u(p) = 14*p + 17. Let q be u(n). Suppose -5*z - 4*b + 119 = -2*z, 4*z - q = -5*b. What is the units digit of z?
3
Suppose 2*t = b + 42, -2*b - 20 = -2*t + 26. Let u(i) = i + 18. What is the units digit of u(t)?
7
Let q(w) = w**2 + 6*w - 30. Let y be q(10). Let x(l) = l**2 + 2*l - 3. Let j be x(-4). Suppose -y = j*m - 10*m. What is the tens digit of m?
2
Let p(h) = -5*h - 42. Let c be (-19)/((1 + -2)/(-1)). What is the tens digit of p(c)?
5
Suppose -d + 4*d - 3*t - 24 = 0, 0 = -d - t. Let h(s) = s**2 - 3*s - 2. Let y be h(4). Suppose 3*u - d = y*u. What is the units digit of u?
4
Let m(g) = -g**3 + 7*g**2 - 5*g - 6. Let p be m(6). Suppose p = 4*u - 7*u. What is the units digit of (-3 + 18)*(u - -1)?
5
Let m(r) = -11*r**3 + 4*r + 5. What is the units digit of m(-1)?
2
Suppose 5*o = -2*n + 3 + 3, 4*o - 8 = -2*n. Let w be -7*(0 - (-12)/(-14)). Suppose -w*y = -5*y - n. What is the units digit of y?
8
What is the hundreds digit of 15240/96*